 268283
List the prime factors of 46608090.
2, 3, 5, 139, 11177
List the prime factors of 61031914.
2, 19, 1163, 1381
What are the prime factors of 884723103?
3, 11, 157, 56921
What are the prime factors of 2867048022?
2, 3, 477841337
List the prime factors of 7611061099.
113, 67354523
List the prime factors of 400299524.
2, 19, 5267099
List the prime factors of 1642443828.
2, 3, 19, 109, 66089
What are the prime factors of 90935014?
2, 45467507
What are the prime factors of 15011350?
2, 5, 67, 4481
What are the prime factors of 96272632?
2, 17, 707887
List the prime factors of 249032761.
6791, 36671
List the prime factors of 481087157.
481087157
List the prime factors of 4879199.
13, 28871
List the prime factors of 174254545.
5, 34850909
List the prime factors of 1265213437.
541, 2338657
List the prime factors of 23971429.
29, 41, 20161
What are the prime factors of 21100400?
2, 5, 17, 29, 107
What are the prime factors of 23460597?
3, 289637
What are the prime factors of 2423088500?
2, 5, 7, 67, 10333
What are the prime factors of 145827616?
2, 11, 414283
List the prime factors of 143644615.
5, 28728923
What are the prime factors of 3653004374?
2, 1826502187
List the prime factors of 382001614.
2, 191000807
List the prime factors of 40130645.
5, 8026129
What are the prime factors of 5073732189?
3, 37, 271, 6247
What are the prime factors of 927970992?
2, 3, 13, 55079
List the prime factors of 2353333186.
2, 173, 6801541
What are the prime factors of 83716572?
2, 3, 6976381
What are the prime factors of 304821770?
2, 5, 11, 109, 25423
List the prime factors of 5592784192.
2, 4649, 18797
What are the prime factors of 2850498166?
2, 30253, 47111
What are the prime factors of 58818492?
2, 3, 1633847
What are the prime factors of 8207165921?
8539, 961139
What are the prime factors of 4812744437?
421, 1427, 8011
What are the prime factors of 55473741?
3, 43, 5309
What are the prime factors of 44991995?
5, 97, 92767
List the prime factors of 193384059.
3, 11, 5860123
What are the prime factors of 46177046?
2, 241, 95803
List the prime factors of 1573337504.
2, 49166797
What are the prime factors of 359527411?
359527411
List the prime factors of 1878534147.
3, 7, 89454007
List the prime factors of 692801110.
2, 5, 7759, 8929
What are the prime factors of 799780997?
17, 31, 1517611
List the prime factors of 1632178924.
2, 223, 1829797
List the prime factors of 143298728.
2, 59, 233, 1303
What are the prime factors of 31053229?
29, 47, 22783
What are the prime factors of 336253093?
11, 139, 219917
What are the prime factors of 2940617455?
5, 588123491
What are the prime factors of 37487982?
2, 3, 7, 73, 12227
What are the prime factors of 1074828980?
2, 5, 4391, 12239
What are the prime factors of 230978285?
5, 46195657
What are the prime factors of 85538468?
2, 509, 42013
What are the prime factors of 15629511?
3, 17, 43, 7127
List the prime factors of 4370815318.
2, 1861, 1174319
What are the prime factors of 175727228?
2, 43931807
What are the prime factors of 688412792?
2, 7451, 11549
What are the prime factors of 1424913331?
131, 10877201
What are the prime factors of 4125039689?
73, 233, 242521
What are the prime factors of 1180826609?
41, 113, 254873
List the prime factors of 25516217.
2003, 12739
What are the prime factors of 12729386?
2, 47, 191, 709
What are the prime factors of 91719838?
2, 7, 6551417
List the prime factors of 101131397.
37, 181, 15101
What are the prime factors of 731880236?
2, 281, 651139
List the prime factors of 95537170.
2, 5, 23, 415379
List the prime factors of 13036879.
2969, 4391
List the prime factors of 62888078.
2, 11, 503, 5683
List the prime factors of 471437835.
3, 5, 11, 2857199
What are the prime factors of 18336510?
2, 3, 5, 113, 601
What are the prime factors of 478190127?
3, 17, 9376277
What are the prime factors of 27167241?
3, 17, 532691
List the prime factors of 2028685688.
2, 5741, 44171
What are the prime factors of 3056466532?
2, 7, 2063, 7559
What are the prime factors of 327644600?
2, 5, 79, 89, 233
List the prime factors of 151021986.
2, 3, 83, 303257
What are the prime factors of 10736122?
2, 61, 88001
What are the prime factors of 903400081?
2269, 398149
What are the prime factors of 3283885570?
2, 5, 7, 41, 1144211
List the prime factors of 201917445.
3, 5, 1811, 7433
What are the prime factors of 5041533767?
5041533767
List the prime factors of 2052126995.
5, 31, 151, 87679
List the prime factors of 96884023.
281, 557, 619
What are the prime factors of 3028374649?
23, 1559, 84457
What are the prime factors of 25805683?
1483, 17401
What are the prime factors of 5421356955?
3, 5, 7, 17210657
List the prime factors of 262474630.
2, 5, 11, 2386133
List the prime factors of 917278868.
2, 11, 20847247
List the prime factors of 6960443.
7, 691, 1439
What are the prime factors of 43231917?
3, 41, 351479
List the prime factors of 1391371379.
67, 1811, 11467
List the prime factors of 12720188.
2, 13, 244619
What are the prime factors of 152040194?
2, 1151, 66047
List the prime factors of 489037485.
3, 5, 19, 317, 5413
List the prime factors of 2773393875.
3, 5, 7, 50311
List the prime factors of 98839181.
7, 3581, 3943
List the prime factors of 3235656156.
2, 3, 47, 5736979
List the prime factors of 85711446.
2, 3, 58787
What are the prime factors of 21836980?
2, 5, 11, 99259
What are the prime factors of 231842915?
5, 46368583
What are the prime factors of 12634809?
3, 11, 382873
What are the prime factors of 226574685?
3, 5, 1678331
What are the prime factors of 1088211187?
7, 19, 8182039
What are the prime factors of 1205745555?
3, 5, 7, 283, 40577
What are the prime factors of 31147293?
3, 10382431
List the prime factors of 1609964902.
2, 7, 13, 23, 71, 5417
What are the prime factors of 55422837?
3, 6158093
List the prime factors of 60625731.
3, 163, 123979
What are the prime factors of 915105759?
3, 19, 29, 29137
List the prime factors of 266168540.
2, 5, 11, 109987
What are the prime factors of 181081050?
2, 3, 5, 887, 1361
What are the prime factors of 3785667039?
3, 7, 11, 780389
What are the prime factors of 174399439?
174399439
List the prime factors of 1871877170.
2, 5, 2953, 63389
List the prime factors of 4574294.
2, 109, 20983
What are the prime factors of 603105409?
603105409
List the prime factors of 483719265.
3, 5, 10749317
What are the prime factors of 150253145?
5, 7, 53, 107, 757
What are the prime factors of 5763440911?
103, 55955737
List the prime factors of 3249804734.
2, 11, 23, 6422539
What are the prime factors of 264981?
3, 88327
List the prime factors of 132576247.
41, 823, 3929
List the prime factors of 1394570609.
53, 523, 50311
List the prime factors of 215174088.
2, 3, 19, 157291
What are the prime factors of 443693388?
2, 3, 29, 79, 16139
What are the prime factors of 1225031580?
2, 3, 5, 2268577
What are the prime factors of 59044776?
2, 3, 7, 351457
What are the prime factors of 31755216?
2, 3, 59, 11213
What are the prime factors of 58842166?
2, 599, 49117
List the prime factors of 179867904.
2, 3, 234203
List the prime factors of 67582549.
67582549
What are the prime factors of 7419472?
2, 463717
List the prime factors of 7833258.
2, 3, 435181
What are the prime factors of 31506173?
31506173
What are the prime factors of 29259483?
3, 11, 886651
List the prime factors of 625189249.
149, 1999, 2099
What are the prime factors of 1881176769?
3, 17, 12295273
List the prime factors of 465438284.
2, 29, 109, 131, 281
List the prime factors of 16555368.
2, 3, 689807
List the prime factors of 5323681853.
7, 61, 12467639
What are the prime factors of 295958323?
10459, 28297
What are the prime factors of 272558833?
272558833
What are the prime factors of 97356897?
3, 11, 109267
List the prime factors of 238251693.
3, 79417231
What are the prime factors of 66527247?
3, 23, 29, 33247
What are the prime factors of 11949018?
2, 3, 1991503
List the prime factors of 75207528.
2, 3, 11, 3517
List the prime factors of 203980388.
2, 50995097
List the prime factors of 30915278.
2, 15457639
What are the prime factors of 6920865238?
2, 7, 494347517
What are the prime factors of 872965802?
2, 436482901
What are the prime factors of 66950885?
5, 13390177
What are the prime factors o